?
15
Calculate (-5 - -6 - 7) + 0 + -3 + 22.
13
6 + (25 - 30 - 14)
-13
What is the value of 1 + (13 - 3) - 12?
-1
What is the value of -413 + 409 - (1 - -16)?
-21
What is 12 + 9 + -7 + -16 + -10?
-12
Evaluate -1 - -29 - (-37 + -34 + 64).
35
What is 9 + (-2 - (-14 - -8)) + -8?
5
Calculate (-89 - -94) + (2 + -3 - (9 - 6)).
1
Calculate (35 - -3) + (-22 - 3).
13
19 + (9 + 3 + -6 - 2)
23
What is 40 + -2 - 23 - 18?
-3
What is 0 - (-17 + -8 - -5)?
20
Evaluate 6 + -3 + (-10 - (-7 - 0)).
0
Calculate -5 + (-29 - (37 - 37 - (1 + 8))).
-25
Calculate 5 + (3 - 15) - -15 - -7.
15
What is -2 - (16 - 8) - -8?
-2
Evaluate (-9 - (-5 + 6)) + 26.
16
What is (39 - (-20 - -41)) + (2 - -1) + -8?
13
What is (-22 - (-7 - 15)) + -14?
-14
Evaluate (5 + 9 - (4 - -2)) + (0 - 1).
7
Evaluate -11 + (15 - 10 - -8) + 0 + -1.
1
What is 18 - (14 + 5 + -10)?
9
What is 1 + -24 - (-895 - -890)?
-18
Calculate -10 + 0 - (-37 + 8 - -33).
-14
0 - 4 - -2 - (23 + -17) - 4
-12
(-1 - 35) + (-177 - -183)
-30
Calculate (-30 - (-29 - 4)) + 0 + 11 + 0.
14
Evaluate 11 + (-11 + 0 - (58 + -67)).
9
57 + -63 + (1 - (2 - 8)) + 4
5
Evaluate -24 + 13 - (1 + -1 + (4 - 7)).
-8
Evaluate (1 - (13 - 26)) + -10 - 14.
-10
Calculate -13 + -23 + 62 - 49.
-23
Calculate 22 + (13 + -21 - (1 + -9)).
22
What is the value of 5 + 3 + 11 + -10?
9
What is 38 - (-17 - -39) - 29?
-13
What is the value of -9 - (-11 + -8 + 5)?
5
Evaluate -1 + -21 + 23 - 17.
-16
-2 + 1 - (-2 + 3 + -5)
3
What is -1 - (-171 + 167 - (0 - (18 - -2)))?
-17
What is (-24 - (-2 + 2)) + (-6 + 48 - 38)?
-20
Evaluate 31 + -34 - (-1 + 1) - 5.
-8
What is the value of 15 + 1 - (1 - (2 + 20) - -18)?
19
Evaluate 21 + -23 + 16 + -3.
11
What is (-2 - -4 - 14) + (-3 - -6)?
-9
What is the value of 35 - 26 - (-1 - -5 - -28) - 6?
-29
(21 - -1) + 6 + -13 - 6
9
What is (-2 - 2) + 10 + (2 - (19 + 12))?
-23
What is the value of (-6 - (9 + -10)) + 11 - 8?
-2
Calculate -30 - (0 + -3 - (398 + -386)).
-15
What is 5 + (-1 - -2) - (-113 - -123) - -19?
15
Calculate 1663 + -1620 + (5 - 3 - 22).
23
Evaluate -4 + (4 + -10 + 0 - 5).
-15
16 - 8 - (13 + -29 + 5)
19
Evaluate 0 - 5 - (42 - 28 - 2).
-17
Calculate (15 - -6 - 7) + -4 - (2 + -10).
18
What is the value of 8 - (-6 - -10 - 3)?
7
Calculate 5 + -8 + 16 - (56 + -48).
5
(42 - (9 + 19)) + -34
-20
What is -10 + 1 + (-1 - (-37 + 0) - -7)?
34
What is the value of (-9 - -11) + -8 + 12 - 29?
-23
What is -4 + 21 - ((28 - 22) + -3)?
14
-1 - (-3 - -2) - (0 - 20 - -12)
8
-10 - (-7 + 14 + -8)
-9
Calculate 3 + -14 + 15 - -31.
35
What is (-13 + 5 - (-6 + -5)) + 6?
9
-8 + (10 - -12) + -3
11
What is the value of (-30 - -20) + -1 + -9?
-20
What is the value of 10 + -21 + (-13 - -1) - -5?
-18
Calculate (-27 - -18) + 15 - -6.
12
Calculate 4 - (-4 + (2 + -7 - -6)).
7
Evaluate (-3 - 23) + -4 + -21 + 15 + 17.
-19
Evaluate 11 + 0 + (-19 - -15).
7
Calculate 26 + (8 - (-16 - (-20 - 14))).
16
What is -45 - (-47 + (-37 - -50))?
-11
What is 226 + -244 + 50 + 1?
33
-1 - (-6 + (2 - -3))
0
Evaluate 9 - (0 - -20 - (17 - 14)).
-8
What is -1 + 7 + -11 - (-5 + (3 - 13))?
10
18 + (1 - -8) + -10 + -10
7
Calculate (-7 - ((-19 - 4) + 9)) + -19 + 1.
-11
Evaluate -15 - (6 + (-4 - 2) + (-12 - -6)).
-9
Evaluate (11 - (2 + 2)) + 4.
11
11 - 9 - (18 + (-3 - -1) - -4)
-18
What is -19 - ((-31 - 3) + 19)?
-4
(-11 - -12) + (-1 - 4 - 2)
-6
Calculate -27 + (-26 - -54 - 15).
-14
What is the value of 6 - ((1 - 11 - -14) + 1 + -8)?
9
Calculate -21 + 38 + -22 - 12.
-17
What is 6 + -3 + -21 + 6 + (-4 - 13)?
-29
What is 3 + -7 - -11 - 19?
-12
What is -24 + 17 + 13 + -7?
-1
Evaluate -5 - (1 - 16) - (1 - (-5 - 0)).
4
What is -11 + (34 - 8) + -16 + 1 + 5?
5
Calculate -7 + -16 + (47 - 12).
12
Calculate 9 - (0 - -3) - (1 + -14 - -9).
10
What is the value of 1 + -2 - (39 - (14 + 4))?
-22
Evaluate -24 + (3 - 0) - (-50 + 44).
-15
Evaluate (8 + -45 - -27) + 31.
21
(-10 + 9 - (7 + 6)) + 4
-10
(5 - (-29 - (-18 + 7))) + -3
20
What is the value of (-3 - 0) + 14 + 1 + 1?
13
What is the value of 3 - (-15 - -8) - (1 + -1)?
10
Evaluate -15 + -1 + 357 + -345.
-4
What is (-19 - -12) + 8 + (-5 - -10)?
6
Calculate 5 - (18 + -9 + 13).
-17
Evaluate -14 + 8 + 6 + -2 + -5 + 2.
-5
What is -16 + (22 - -6) + -8?
4
3 + 9 + -5 - (9 - 1)
-1
Evaluate -2 + (-96 - -108 - (-2 - -1)) + 5.
16
What is -10 + 1 - -3 - (-15 + 9) - -4?
4
Evaluate 9 - (2 + 0) - (-415 - -410).
12
Calculate -10 - ((2 - -2) + -16 + 12 + -5).
-5
What is the value of 5 + 9 + -12 + 2 + (1 - 14)?
-9
Evaluate -1 + (-3 - (1 + (11 - 4))).
-12
Calculate -4 - -2 - (270 + -262).
-10
Evaluate 6 + (2 - -1) + (12 - 18) + -21.
-18
Calculate 113 + -105 - (-1 - -2 - 20).
27
What is 1 - ((39 - 20) + -8 - (-3 + 1))?
-12
Calculate -19 + (14 - -5) - 16.
-16
Calculate 0 + 5 - (252 + -221) - 9.
-35
What is (-10 - 26 - 49) + 47?
-38
Evaluate 10 + -14 + (8 - 9).
-5
What is the value of (3 - -3) + -6 + -5 - (-17 + 7)?
5
Calculate 1 + -2 + (-91 - -92) - (0 + -1).
1
14 - (-14 + 13) - 20 - 19
-24
What is the value of -4 - ((6 + (-2 - 2) - -5) + -7)?
-4
Calculate -1 + (10 - 42) - (-18 - -15).
-30
What is 7 + (-5 - (2 - 0)) - -8?
8
What is the value of (-3 - (-1 + 35)) + 30?
-7
12 + 2 + -55 + 38
-3
Calculate 5 - (24 + -4) - (221 + -223).
-13
Evaluate -1 - (5 - (-26 + 29 + -1 + -8)).
-12
(10 - (-3 + 4)) + (6 - (-6 + 8))
13
-22 + 8 + 12 + 17
15
Calculate -21 + (4 + 6 - (1 - 3)).
-9
(-58 - 0) + 278 + -246
-26
What is the value of 3 - (-8 - -6) - (-2 - (3 - -2))?
12
Evaluate -1 + 0 - (19 - (-11 - -22)).
-9
Calculate (-3 - (-19 + -5 + 15)) + -19 + 10.
-3
What is -23 - (-2 - -16) - -22?
-15
What is -7 + (8 + -4 - (1 + 0) - -6)?
2
What is -45 - -55 - (-16 + 24)?
2
Calculate (37 - 18) + -9 + 0.
10
Calculate -2 + 13 - (-779 - -803).
-13
What is -17 - (-7 - (-4 - (-4 - -3)))?
-13
Calculate (0 - 0 - -6) + (-12 + 13 - 2).
5
Evaluate -4 - (4 - 4) - -5 - (-1 - 6).
8
What is the value of (-8 - (-15 - 2)) + -23?
-14
Evaluate 11 + 1 - (72 + -72 - 13).
25
Evaluate (-131 - -136 - (2 + 6 + -2)) + -19.
-20
What is (-135 - -124) + 13 + 1 + (-1 - 17)?
-15
What is 13 - (0 + 4 - (-7 - -4))?
6
Calculate (0 - -48) + -30 + 8.
26
-1 - -24 - (311 + -289)
1
-5 + -6 + (-2 - 11) + 24
0
10 - (57 - 13) - -26
-8
What is 30 + -15 - (-3 - -16)?
2
Calculate -82 + 118 + -39 + -34.
-37
43 + (38 - 42) + -36
3
Calculate 8 + (-3 - 7) + 2 - 2.
-2
What is -26 + (-28 - -9 - -63)?
18
What is -5 - (3 - (2 + 0))?
-6
Evaluate -8 - (-6 + (11 - 4) - -14).
-23
Calculate (-3 - 2) + (169 - 153).
11
4 + 7 + (-5 - (-1 + 0 + 8))
-1
Evaluate (-9 - (3 + -3) - -2) + -4.
-11
Calculate 30 + -20 - 17 - -10.
3
Calculate -10 + 2 + (4 - (-36 - 8)).
40
What is the value of (-1 - (-1 + 2)) + (-15 - (-20 - 15))?
18
Evaluate (-11 - 3 - -9) + 2 - 6.
-9
-1 + -10 - ((-12 - -16) + -10)
-5
What is the value of 225 + -212 + (0 - -8) - 12?
9
Evaluate (-5 - (-10 - -5)) + 10 + 1 + -2.
9
Calculate 13 + -30 + 14 - -5.
2
What is 2 + 27 + -3 + 0 + 6 + -5?
27
What is 7 - (18 + (8 - 23))?
4
Evaluate 2 + (-15 - -4) - 3.
-12
Evaluate -11 + -7 + (0 + 3 - -2) + -5.
-18
9 + (-11 - 7) + 18 + -5
4
Calculate -16 + 19 + -5 + -11 - 22.
-35
What is (7 + -13 - -1) + -1 + 8 + 12?
14
Evaluate (-25 - (-20 - -6)) + (5 - 1) + -5.
-12
What is 5 - 1 - (1 + (35 - 22))?
-10
Calculate 0 - -10 - (-12 - -28 - 9).
3
-6 + 5 + -2 + -6 - (4 + 1)
-14
-17 + (8 - (-14 + 8)) - 1
-4
Calculate -10 - (-3 - (28 + 9 + (0 - 1))).
29
What is the value of (7 - (13 - 1)) + 18?
13
Evaluate 10 - (2 - -15 - (-53 - -51)).
-9
What is the value of 16 - -16 - (1 - 13 - -15)?
29
Calculate (0 - 0) + 7 + (8 - 18) + 0.
-3
Calculate 8 + -7 + -3 + 1 - (-2 - -1).
0
What is -13 - (3 + 4 - (10 + 0))?
-10
-5 + (-26 - (-2 - 38))
9
Calculate -68 + (39 - -1) + 21.
-7
-31 - -5 - (-186 - -181)
-21
(-26 - 2) + -8 + (25 - 6)
-17
What is 27 + -2 + (-62 - -42)?
5
-9 + 38 + -2 - 49
-22
Calculate (4 - (0 + -2 + (5 - -2))) + -3.
-4
Calculate (-3 + 3 + 3 - -3) + -4 + 8.
10
Calculate -3 + 9 + (-2 + -3 - -8) + -4.
5
What is 1 + 6 + -1400 + 1376?
-17
What is the value of -4 + 8 - (-39 - -24)?
19
What is (947 - 988) + (19 - 0)?
-22
Calculate -3 + -18 - (-2 + -13 - -10).
-16
What is 21 + (10 + -19 + -6 - -9)?
15
Calculate (1 - ((2 - 7) + (47 - 24))) + 6.
-11
Calculate (8 - 3) + 3 + -7 - 1 - 8.
-8
Evaluate 11 - 2 - (-13 + 38 - 12) - 3.
-7
Evaluate (-8 - -1) + (12 - 2 - 2).
1
Calculate 10 + -1 + (-189 - -170).
-10
Evaluate (-13 + 